t is -58a + -5522?
-5aac
In base 16, what is -4930361 + -3?
-4930364
In base 2, what is 1011110110 - 110101000010011?
-110011100011101
In base 14, what is -26 + -6c707?
-6c72d
In base 10, what is 148 - -67952?
68100
In base 12, what is -5 - -2342548?
2342543
In base 10, what is -994 - -5014?
4020
In base 12, what is 26 - -b9a698?
b9a702
In base 12, what is -25 + -954a?
-9573
In base 2, what is -1 - -1000111110000010100010?
1000111110000010100001
In base 5, what is -310 - 3234342?
-3240202
In base 12, what is 4 - 350959?
-350955
In base 9, what is 15263271 + 4?
15263275
In base 13, what is 1664788c + -4?
16647888
In base 5, what is 102 - -20042014?
20042121
In base 5, what is -1434333432 - 12?
-1434333444
In base 4, what is -100311 - -301203?
200232
In base 3, what is -201 - 1002100010101?
-1002100011002
In base 7, what is -114 + -101262?
-101406
In base 14, what is 15 + 8c7da?
8c811
In base 13, what is -5ab16a7 - 2?
-5ab16a9
In base 8, what is -145013 - -5631?
-137162
In base 13, what is 19bc9 - 29?
19ba0
In base 15, what is -7ae + -32c0?
-3a7e
In base 12, what is -7111135a - 1?
-7111135b
In base 16, what is 380909 + 6?
38090f
In base 5, what is -10423 + 122221?
111243
In base 9, what is 8271356 + -1?
8271355
In base 15, what is 24 - 297a0?
-2977b
In base 15, what is 28105 + 3d?
28143
In base 11, what is 5112732a2 - 5?
511273298
In base 16, what is 3 + 19aa7ca?
19aa7cd
In base 15, what is 1 - -159eed2?
159eed3
In base 10, what is -68 - 45894?
-45962
In base 13, what is -4c8 + -a0b6?
-a5b1
In base 5, what is 4 - -441333441111?
441333441120
In base 7, what is 4 - -211415302?
211415306
In base 10, what is 313594 - -422?
314016
In base 8, what is -34005052 + -66?
-34005140
In base 14, what is -7bd400 + -17?
-7bd417
In base 9, what is -715 + 138164?
137348
In base 5, what is -4 - -214323204443?
214323204434
In base 14, what is c + bc3a39?
bc3a47
In base 6, what is 15431311 + 44?
15431355
In base 2, what is 1000110101110 - 101110?
1000110000000
In base 4, what is 12112132 - -1210?
12120002
In base 4, what is -31232132103 - -332?
-31232131111
In base 15, what is 1 - -3c8e6bd?
3c8e6be
In base 3, what is -100100 + 1121122012111?
1121121212011
In base 7, what is -15112 + -161305?
-206420
In base 11, what is 3 + 37630a0?
37630a3
In base 14, what is -89d32 + -2?
-89d34
In base 11, what is -1 + -1193a518?
-1193a519
In base 11, what is 11 - -3011623?
3011634
In base 3, what is 221112 - -2100000221022?
2100001212211
In base 10, what is -3 + -2393806?
-2393809
In base 15, what is 95d5 - -1da1?
b486
In base 11, what is -55a977 + 477?
-55a500
In base 4, what is -210303001 - -11?
-210302330
In base 7, what is 1004211 - 105?
1004103
In base 15, what is -a - -6423e34?
6423e29
In base 10, what is -11327 + -234?
-11561
In base 9, what is -25 - -60214537?
60214512
In base 3, what is 1 - -12112122200001?
12112122200002
In base 10, what is 2102 - -11208?
13310
In base 14, what is 11 - -161457?
161468
In base 5, what is 101 - 10110302233?
-10110302132
In base 10, what is 16156210 - -2?
16156212
In base 14, what is -2 + 3a22b78?
3a22b76
In base 13, what is -c - -4cb9b8?
4cb9a9
In base 6, what is 11 - -2253550?
2254001
In base 3, what is -100202011000211 - 10?
-100202011000221
In base 9, what is -4 + 1435366?
1435362
In base 16, what is 1409 - -1494f?
15d58
In base 3, what is -20112022220010 + 10?
-20112022220000
In base 6, what is -3 - 2015140152?
-2015140155
In base 13, what is -7b688 - 4?
-7b68c
In base 4, what is -130 - -20002313203?
20002313013
In base 5, what is -2300434112 + 1?
-2300434111
In base 8, what is -1330200 + -1?
-1330201
In base 5, what is -2330303214131 - 0?
-2330303214131
In base 12, what is -296458 - 1a9?
-296645
In base 8, what is -1163026 - -22?
-1163004
In base 9, what is 22234100 + -7?
22234082
In base 14, what is 241212 - a?
241206
In base 3, what is -10111010 - -22120221?
12002211
In base 14, what is -2b06537a - 0?
-2b06537a
In base 16, what is 3ae9b + -42?
3ae59
In base 9, what is 68 + 760451?
760530
In base 4, what is 0 - 23113112101?
-23113112101
In base 8, what is -3 - 130334342?
-130334345
In base 11, what is 10a7138 - -3?
10a7140
In base 4, what is -1233212 + 12321?
-1220231
In base 4, what is -11103112102 - -100?
-11103112002
In base 11, what is -97 + -134866?
-134952
In base 11, what is 750113a - 6?
7501134
In base 7, what is -6 + -65140343?
-65140352
In base 9, what is -108083 - -1065?
-107017
In base 6, what is -14231454203 - 2?
-14231454205
In base 9, what is -2 - -2735586?
2735584
In base 10, what is -23932126 - 1?
-23932127
In base 11, what is 5714065 - 5?
5714060
In base 10, what is 22263 - -1051?
23314
In base 16, what is -3 - -56b0e?
56b0b
In base 16, what is 10efc + ad?
10fa9
In base 8, what is -5570 + 776465?
770675
In base 3, what is 111020100101 + 20?
111020100121
In base 16, what is -7a + -8529?
-85a3
In base 8, what is -434135603 + -5?
-434135610
In base 8, what is -376115331 + 2?
-376115327
In base 4, what is -12013103011 - 1223?
-12013110300
In base 10, what is -1993 + -8252?
-10245
In base 10, what is 1942657 + -37?
1942620
In base 3, what is -10120201211010001 + 12?
-10120201211002212
In base 10, what is -372286 - 1084?
-373370
In base 16, what is 4 - -af4e33?
af4e37
In base 12, what is 13b3476 - -2?
13b3478
In base 9, what is -50450 - 4284?
-54744
In base 5, what is -343 - -10414244?
10413401
In base 2, what is 100000001110011111010100 + 100?
100000001110011111011000
In base 12, what is -1 - -439172?
439171
In base 12, what is -743984b5 + -5?
-743984ba
In base 14, what is 82 - 1d44a?
-1d3a8
In base 5, what is -312344 + 23434?
-233410
In base 16, what is -3 - 3bdcce?
-3bdcd1
In base 7, what is -20004040 - -110?
-20003630
In base 3, what is 11 + 2102210012201?
2102210012212
In base 13, what is 5746 - -36b?
5ab4
In base 15, what is -1a27 - d7?
-1b0e
In base 11, what is 2a3 + -956485?
-956192
In base 10, what is 483954876 + -5?
483954871
In base 12, what is -7 + -4888548?
-4888553
In base 16, what is -9 + -a2b3b?
-a2b44
In base 16, what is -78 + 14150?
140d8
In base 3, what is -11102 - 100121200101101?
-100121200112210
In base 8, what is -250432 + -4?
-250436
In base 14, what is 12294 - -d3?
12387
In base 12, what is 1 - -30149835?
30149836
In base 4, what is -100030312231 + 2?
-100030312223
In base 11, what is -419637 - 37?
-419673
In base 9, what is -14 + -20203771?
-20203785
In base 12, what is -2758632 + -2?
-2758634
In base 10, what is 1 - 936094?
-936093
In base 16, what is -1903058 - 7?
-190305f
In base 3, what is -10011001202110 - -1111?
-10011001200222
In base 13, what is -3b - 183a72?
-183ab0
In base 12, what is 203 - 313300?
-3130b9
In base 9, what is -1537 - -10543?
8005
In base 13, what is -24 + -42662?
-42686
In base 10, what is 21050 + -15558?
5492
In base 13, what is 484 + -414c?
-3998
In base 9, what is 174563 - -12?
174575
In base 6, what is 3 - -3320042401?
3320042404
In base 7, what is 10 + -22630641?
-22630631
In base 2, what is -100110100110001110101 + -100?
-100110100110001111001
In base 7, what is 0 + -103043154?
-103043154
In base 11, what is -157633a + -11?
-1576350
In base 14, what is 2c99d + 27?
2c9c6
In base 9, what is -26564 - 4607?
-32272
In base 5, what is 3333 + 102214313?
102223201
In base 6, what is -2311203 + 1033?
-2310130
In base 5, what is -2210130 - 1303?
-2211433
In base 11, what is 137639 + -70?
137579
In base 5, what is 101 + 2213031?
2213132
In base 10, what is 0 - -24941750?
24941750
In base 9, what is -2318 + 1026217?
1023788
In base 16, what is -42613cda + 5?
-42613cd5
In base 9, what is -56222126 + -4?
-56222131
In base 13, what is 8c224 - 4?
8c220
In base 15, what is -51b64d1a - -3?
-51b64d17
In base 6, what is -503551110 - 3?
-503551113
In base 3, what is -12021222010002 - -2?
-12021222010000
In base 12, what is 19809b + -21?
19807a
In base 2, what is 110101001101111101011 - 100001000?
110101001101011100011
In base 4, what is 12 + -12130031?
-12130013
In base 5, what is 2120 + 144104?
201224
In base 12, what is -7446a48 - -1?
-7446a47
In base 12, what is -124b79 - b?
-124b88
In base 11, what is -8200a1 - 36?
-820127
In base 13, what is 2650 - 220c?
441
In base 4, what is -31303313320030 + -1?
-31303313320031
In base 12, what is -93280 - 17?
-93297
In base 15, what is -